on factor of z and p.
12
Suppose 20*r = -18 + 218. Let y be (-11 - r)*12/(-28). Suppose -3*u = -1 - 8. Calculate the greatest common divisor of y and u.
3
Let b be (6/(-8 - -5))/((-30)/7500). Calculate the highest common divisor of b and 12.
4
Let v = -7 + 10. Suppose 9 = -v*n, -2*n + 29 + 31 = 3*t. Calculate the greatest common divisor of t and 286.
22
Let u = -393 + 397. Suppose -m + 451 = u*l - 303, 3*l - 5*m = 577. What is the highest common factor of 252 and l?
63
Suppose -1165 = -3*w + 509. Suppose 26*v = w - 38. What is the greatest common factor of 20 and v?
20
Suppose 4*i - 14 - 2826 = -16*i. Calculate the highest common divisor of 1207 and i.
71
Suppose 0 = 169*g + 7220 - 38823. Calculate the highest common factor of g and 33.
11
Let o = 14554 + -14134. Calculate the greatest common divisor of o and 132.
12
Let w(y) = 3*y**2 - 2*y - 2. Let v be w(2). Suppose -v = -2*f, 4*c + 0*f = -f + 11. Let k be 17 + 2 + -3 + 8. What is the highest common divisor of k and c?
2
Let q(x) = 2*x**2 - 6*x + 5. Let f be q(4). Let b(t) = 2*t**2 + 171*t - 84. Let d be b(-86). Calculate the highest common divisor of d and f.
1
Let u(g) = -15 - 13 - 7 + 4 + 401*g - 407*g. Let y be u(-18). What is the greatest common factor of 33 and y?
11
Suppose -3849*t + 3836*t = -585. Calculate the highest common factor of t and 171.
9
Let g be -4 - (3 + -1)*-2. Suppose g = 3*q + 5*u - 3*u - 24, -8 = -q - 4*u. Calculate the highest common divisor of q and 18.
2
Let c be 0 - (-3)/3 - (-1 - 4). Suppose c*m = 8 + 22. Suppose 2*n + 4*s - 244 = m*s, -5*s = 20. Calculate the greatest common divisor of n and 24.
24
Suppose 62*k = 64*k - 6. Let n(a) = 18*a + 37. Let y be n(k). Calculate the greatest common factor of y and 104.
13
Let i be 219/2 - (-2)/4. Let p be (-1051)/(-6) - (1 + 15/(-18)). Let g = p - 165. What is the highest common factor of g and i?
10
Let a(d) = -481*d + 110. Let t be a(-12). What is the greatest common factor of t and 34?
34
Let i = 451 + -416. Let y = -552 - -972. What is the highest common factor of y and i?
35
Suppose y + 0*y = 4*x - 8, -2*x - 2 = -2*y. Let d be (-2603)/(-38) - x/(-6). What is the greatest common factor of 3 and d?
3
Suppose 192621 - 61901 = 160*g. Calculate the highest common divisor of 731 and g.
43
Suppose -29*y + 2889 = 37*y - 2457. Calculate the highest common factor of y and 1197.
9
Let l(g) = -26*g - 594. Let t be l(-24). What is the highest common divisor of 1455 and t?
15
Suppose -2*h - 3*j + 2027 = 0, -j - 1106 + 90 = -h. Let x be 18/(-24) - h/(-20). What is the greatest common divisor of x and 4?
2
Let s(m) = 293*m**2 + 4*m - 10. Let d be s(3). Suppose -4*x - 2*n = -7*n - 5233, 2*x + 5*n - d = 0. Calculate the highest common factor of 41 and x.
41
Suppose 0 = -3*l + 2*k + 712, 0*k + 4*k - 480 = -2*l. Let m = -214 + l. Calculate the greatest common factor of m and 156.
12
Suppose 102*r - 99*r - 1450 = 5339. What is the greatest common factor of r and 31?
31
Suppose 0*b - 12 = -3*b. Suppose -5*s - c + 159 = 0, -5 = b*c - 1. Suppose s = 3*l - j, -2*j - 51 = -5*l + 3. What is the greatest common factor of l and 25?
5
Let c(q) be the second derivative of -q**5/20 - q**4/2 - 11*q**3/6 + 7*q**2 - 51*q. Let w be c(-7). What is the highest common divisor of 28 and w?
28
Let l be (18/(-27))/(8/60). Let j be (-442)/(-16) - (37/8 + l). What is the highest common divisor of j and 602?
14
Suppose 0 = 3*u - 3, -28*u + 33*u = 3*b - 13129. Calculate the greatest common divisor of 77 and b.
11
Let n be ((-25)/(-10))/(1/94). Suppose 4*z = 5*r + 517, 3*r = 4*z - 288 - n. Calculate the highest common divisor of 14 and z.
7
Suppose -2*w + 4*w - v = 38, 0 = -w + 4*v + 12. Let o be (-1 + 0)/(5/(-55)). Let s = o + -6. What is the highest common divisor of s and w?
5
Let n(f) = -f**3 + 10*f**2 - 10*f + 13. Let o be n(9). Let z be 66 - (32/(-12) - 56/(-12)). Calculate the highest common factor of z and o.
4
Suppose 9*a - 10010 = -46*a. Calculate the highest common factor of a and 832.
26
Suppose -82 = s - 9. Let g = s + 93. Let k be -4 + (-3 - (-166 + -1)). Calculate the greatest common factor of k and g.
20
Suppose 3*n = -2*n + 375. Let c be 60 + 21/7 + 6. Let s = 94 - c. Calculate the greatest common divisor of s and n.
25
Let b be ((-258)/215 - (2 - 78/15))*9. Suppose 0 = 4*y + y - 10. Calculate the greatest common divisor of b and y.
2
Suppose -7*l = -3*l - 12. Let j be (10/25)/(3/765). Suppose -l*i + 438 = j. Calculate the greatest common divisor of i and 28.
28
Suppose 0 = -a + 5*p + 580, 0 = 195*a - 191*a - 2*p - 2230. Calculate the highest common divisor of a and 135.
15
Suppose 5*z = -30, -4*z - 134 = -213*m + 212*m. What is the highest common divisor of 4565 and m?
55
Let o(t) = 6*t**2 + 5 - 6*t + 2*t**3 - 6*t + 19*t**2 - 6*t**2. Let a be o(-10). What is the highest common factor of 20 and a?
5
Suppose -3*p + 56 = 5*v + 1116, 0 = 2*p - 3*v + 713. Let o = -207 - p. Let x be (-10)/45 - o/(-18). What is the greatest common divisor of x and 4?
4
Suppose -b - 15*i + 1762 = -11*i, 0 = 2*b + 5*i - 3530. Calculate the highest common factor of 10 and b.
10
Let b = 799 - 324. Suppose 3*f = 4*k + 114 + 154, 5*f - k = b. Let y = 83 + -59. What is the highest common factor of f and y?
24
Suppose 0 = -3*d + 5*z + 93, -d + 3*z = -64 + 37. Calculate the highest common factor of 16 and d.
4
Let j = -34 - -86. Let i be (480/78 - (3 - 1)) + 94/(-611). Calculate the greatest common factor of j and i.
4
Suppose 35777*y - 446 = 35696*y + 1012. Suppose -5*n - 21 = -66. What is the greatest common divisor of y and n?
9
Suppose 0 = g + 4*n - 42, -g + 3*n = -8 - 27. Let u(w) = w**3 - 3*w**2 + 10*w + 13. Let j be u(9). Calculate the highest common divisor of j and g.
19
Let b be 46/(368/412)*(0 - 0 - -146). Calculate the greatest common factor of 292 and b.
73
Suppose -4*o + 291 = -3*c, -3*o + 4*c + 39 + 181 = 0. Calculate the highest common divisor of o and 3096.
72
Suppose -15*i + 1332 = -183 + 420. What is the highest common factor of i and 7081?
73
Suppose 5*r = -u - 42, -4*r = -3*r - 1. Let d = -81 - u. Let i = -20 - d. Calculate the highest common divisor of i and 2.
2
Suppose 4*h = -8, -5*o + 10*h = 6*h - 38. Let y be o*4615/234 + (-2)/6. What is the highest common divisor of y and 531?
59
Let r(n) = 6*n**2 + 147*n - 458. Let z be r(3). Calculate the highest common divisor of z and 37.
37
Suppose -10*n = -3*n - 784. Let y = n + -94. Calculate the highest common divisor of y and 135.
9
Let k(s) be the second derivative of s**3/6 - 8*s**2 - 88*s. Let w be k(23). Let o = 140 + -77. Calculate the greatest common divisor of w and o.
7
Suppose 4*l = t + 101 + 64, -4*t - 30 = -l. Calculate the highest common factor of 5901 and l.
21
Let i be ((-4)/28)/((-2)/14). Suppose 3*z + i = -59. Let v be (z/6)/((-24)/180). What is the greatest common divisor of 5 and v?
5
Suppose 63654 + 6834 = 44*h. What is the greatest common divisor of 18 and h?
18
Let c be -1*15/3 + 562786/122. Calculate the highest common divisor of c and 144.
144
Let t be (9/(-6))/((-3)/62). Let n be (-3)/(-3*1/t). Let w(a) = a**2 - 5*a + 41. Let s be w(20). Calculate the greatest common factor of s and n.
31
Let l be (25/(-5) - -3) + (0 - -17). Suppose 11*a + l = 16*a. Let n be 104/(-4 + 3 + a). What is the greatest common divisor of 130 and n?
26
Suppose 91*l + 722 + 279 = 0. Suppose 4*c - 87 = f, f = 2*c - 0*f - 43. Let x be (-2)/l - (-2086)/c. Calculate the highest common factor of x and 38.
19
Let h be (-4)/((-4)/(-26) - 25*(-18)/(-2080)). Calculate the highest common divisor of 200 and h.
8
Let k(l) = -3*l**2 - 32*l + 2. Suppose 0 = -t - 2*t - 30. Let h be k(t). Let z = -56 + 111. Calculate the greatest common divisor of z and h.
11
Let q = 18855 + -15915. What is the highest common factor of q and 252?
84
Let l(w) = 2*w**2 + 40*w - 42. Let p be l(-21). Suppose -34*t + 14*t + 1320 = p. Calculate the greatest common divisor of 22 and t.
22
Suppose l + 112 = 9*l. Suppose -4 = -4*n - 2*k, 2*n + k + 2 = -2*k. Let q = n + l. Calculate the greatest common divisor of 8 and q.
8
Let r be (2 + -4)/((-1)/4). Suppose 3*a - 81 + 45 = 0. Suppose 2*j - 4*m - a = 0, -5*j - 3*m - 18 = -61. What is the greatest common factor of r and j?
8
Let s = -32281 - -32283. Let h(r) = 2*r - 2. Let k be h(12). Calculate th